n = 38537 - 27198. What is the hundreds digit of n?
3
What is the units digit of 10914/12 + (-27)/18?
8
Let m(t) = t**2 - 12*t + 7. Let l be m(11). Let y be (-15)/(-35) + l/(-7). Suppose -5*c + 179 = -y. What is the units digit of c?
6
Let h(b) = -b + 2. Let p be h(2). Let x(n) = 196*n - 7443. Let w be x(38). What is the units digit of p - (w + -234) - 2?
7
Suppose -6*v - 28 = -13*v. Suppose -5*c + 27 = j, -j + c + 213 = v*j. Suppose 7 - j = -x. What is the tens digit of x?
3
Suppose 8*j = 10*z + 3*j - 86535, 4*j = 4*z - 34608. What is the units digit of z?
5
Suppose 9647 = -3*a + 4*a - 3844. What is the units digit of a?
1
Let b(a) = -2*a + 0*a**2 + 22 + 11*a**2 - 2*a**2 - 5*a**2. What is the hundreds digit of b(7)?
2
Let a(y) be the third derivative of 5*y**4/3 + 7*y**3 + 31*y**2. Let n be a(-6). What is the tens digit of n*9/((-81)/6)?
3
Let o(h) = h**3 + 8*h**2 - 6*h - 26. Let f be o(-8). Let d = 55 - 51. Suppose -6*m + f = -d*m. What is the tens digit of m?
1
Let r be (2 + 1)/((-186)/(-682)). Suppose -r*x - 28515 = -26*x. What is the units digit of x?
1
What is the hundreds digit of 2 - 40165/(-10)*2*6/3?
0
Let z be (6/4)/(((-45)/(-12))/5). Suppose -z*w + 144 = -1316. What is the hundreds digit of 1*((-6)/(-4))/(5/w)?
2
Let t(q) = -47555*q**3 + q**2 - 54*q - 54. What is the units digit of t(-1)?
6
Let y(l) = -1088*l**2 + 3*l + 952*l**2 + 0 + 3. Let j be y(-1). Let u = 223 + j. What is the tens digit of u?
8
Let y(b) = 9*b**3 + 229*b**2 - 98*b - 86. What is the thousands digit of y(-25)?
4
Let y = 462 - 49. Suppose -2*o + 15 = 3*o. Suppose -o*m + 4*h + 346 = 0, -159 = -5*m + 2*h + y. What is the tens digit of m?
1
Suppose 6*z - 2*z = -5*n + 25380, 4*n = 4*z + 20304. What is the units digit of n?
6
Suppose u - 1322 = -3*m, 6*m + 3*u = 11*m - 2194. Suppose -p + 865 = 3*g, 4*g + 5*p = 717 + m. What is the tens digit of g?
8
Suppose -m + 12 = 3*m. Let o be ((-36)/(-3) + m)*(-2)/(-6). Suppose f + 223 + 205 = o*i, -3*i + 266 = 4*f. What is the tens digit of i?
8
Suppose -4*i + 52863 - 16719 = 12*j, -4*i - 6010 = -2*j. What is the hundreds digit of j?
0
Suppose -60104 = 18*x + 16*x - 45*x. What is the units digit of x?
4
Let b(p) = p**2 - 5*p + 2. Let j be b(-9). Suppose 252 = y + 3*y. Let w = j + y. What is the tens digit of w?
9
Let r = -3900 + 15389. What is the thousands digit of r?
1
What is the ten thousands digit of (316/(-4) + (-4)/1)/((-8)/1072)?
1
Let b(c) = 125*c**3 + 15*c**2 - 27*c + 1. Let s be b(3). Let z = s + -2426. What is the hundreds digit of z?
0
Let d(h) = h + 22. Let a be d(-9). Suppose 792 = 17*l - a*l. What is the tens digit of l?
9
Let u = -143 - -146. Suppose -3*o - 1 + 1431 = p, -o - u*p + 466 = 0. What is the units digit of o?
8
Let p = -26593 + 33894. What is the thousands digit of p?
7
Suppose 26535218 = 344*w + 158*w. What is the tens digit of w?
5
Suppose 5045*x - 923134 = 5026*x. What is the units digit of x?
6
Suppose -w + 2725 = 2*q, 0 = -5*w - 4*q + 12767 + 870. What is the units digit of w?
9
Let o = -571 + 1062. Suppose 0 = 10*f - 5911 + o. What is the tens digit of f?
4
What is the hundreds digit of (3686/(-5))/((-158)/1185)?
5
Suppose -4*f = 33*u - 29*u - 39844, 0 = -2*u + 3*f + 19937. What is the hundreds digit of u?
9
Let w = 17994 + -8514. What is the hundreds digit of w?
4
Let b(l) = -4*l + 19. Let j be b(-8). Let c = -52 + j. What is the units digit of (14*2/(-8))/(c/8)?
8
Suppose 498*x - 468*x = 34020. What is the thousands digit of x?
1
Let w be 141570/135 + 4/(-6). Let q = w + -238. What is the tens digit of q?
1
Suppose -55 + 11 = -11*h. Suppose 3*l - 1172 = 4*r, 0*r + 1132 = 3*l + h*r. What is the hundreds digit of l?
3
Let d(n) = -n**2 - 5*n + 6 + 1 + 0 + 2*n**3. What is the units digit of d(0)?
7
Suppose 7*p - 7200 = 7717. What is the units digit of p?
1
Let s be (-2)/(-1) + 1 - (22 + -7). Let o = s + 21. Suppose -o = 2*w + 1, t - 140 = 5*w. What is the units digit of t?
5
What is the tens digit of 16/24 - 5/45*-39549?
9
Let c(f) be the second derivative of f**5/20 - f**4/3 + 2*f**3/3 - 13*f**2/2 + 14*f + 2. What is the tens digit of c(5)?
3
Suppose -160 = -6*i - 130. Suppose i*x + 3*r - 1649 = 0, -r + 371 = 5*x - 1272. What is the tens digit of x?
2
Suppose 0 = 38*n - 42*n + 12. Suppose -4*f = 4*q - 0*f, 0 = q - 2*f + n. What is the units digit of q*(1 - -1)*1 + 188?
6
Let i(y) be the third derivative of y**8/5040 + y**6/360 - 2*y**5/3 - 34*y**2. Let b(g) be the third derivative of i(g). What is the hundreds digit of b(-6)?
1
What is the thousands digit of ((-5)/((-40)/6))/((-819)/(-80987088))?
4
Suppose i + 103*z - 104*z - 7215 = 0, -2*i - 2*z = -14454. What is the units digit of i?
1
Suppose 2*x - 2*p = -0*x - 4, -9 = 3*p. Let u(k) = 16*k**2 + 9*k + 12. What is the tens digit of u(x)?
6
What is the units digit of (2/(0 - 6))/((-5)/96420)?
8
Suppose 0 = 3*n - 2*n. Let a(v) = v**2 + v + 1. Let x be a(-2). Suppose -6*w + 186 = 5*s - 3*w, n = w + x. What is the units digit of s?
9
Let z be (-99 - 1)*2/(6 + -2). Let t = -48 - z. Suppose u - h = 49, 3*u - 2*u = t*h + 54. What is the units digit of u?
4
Let k(p) = -p**3 - 4*p**2 + 14*p + 36. Let m be k(-4). What is the hundreds digit of m/45 - (-9351)/81?
1
Let f(n) = -17*n**3 - n**2 + 4*n + 2. Let l be f(-1). Suppose -15*w + l*w + 771 = 0. What is the tens digit of w?
7
Let j(b) = 448*b**3 + 5*b**2 + 6*b - 43. What is the ten thousands digit of j(3)?
1
Suppose -17 = -y - 3*c + 36, -2*c = 4*y - 252. What is the hundreds digit of (26/y)/((-1)/(-1665))?
6
Let z(l) = l**3 - 34*l**2 + 34*l - 109. Let x be z(33). What is the units digit of x/(-2)*27/2?
3
Let s(o) = o**3 - 7*o**2 - 10*o - 8. Let b be s(9). Let g = -159 + b. Let x = g + 141. What is the units digit of x?
6
Suppose 342*f = 332*f + 100. What is the tens digit of 6718/18 + f/(-45)?
7
Let m(k) = 257*k**2 - 55*k - 63. What is the ten thousands digit of m(10)?
2
Let f = -1712 + 1781. What is the units digit of f?
9
Let o(f) = -3832*f - 36. Let q be o(-1). Suppose 290 = 18*l - q. What is the hundreds digit of l?
2
Let z = 49 + -51. Let y be (-1)/z + (-1)/2. What is the units digit of 18/(-30) - ((-503)/5 + y)?
0
Let q = 65 + 5. Let o = q + 124. What is the units digit of o?
4
Let r be (221/51)/(2/6). Suppose r*k - 5315 = -1220. What is the units digit of k?
5
Suppose -18*s + 230 = 5*s. Suppose -7*q = 3*d - s*q - 1218, 0 = -3*d - 5*q + 1186. What is the units digit of d?
2
Let i(f) = -33*f + 98. Suppose -7*b + 8*b = 2*h + 39, -3*h = -5*b + 41. What is the hundreds digit of i(h)?
8
Let h be (3*-2 - (-3)/1) + 8. Suppose 0 = -h*r - 20 - 5. Let z(y) = -19*y + 6. What is the hundreds digit of z(r)?
1
What is the hundreds digit of 3748/6*(-9 - -21)?
4
Suppose -211500 = -18*y - 57*y. What is the thousands digit of y?
2
Let r(z) = 26110*z + 502. What is the ten thousands digit of r(1)?
2
Suppose -536*c - 203 = 552*c - 1117*c. Let n = -392 + 990. Suppose -c*i + 676 = -n. What is the hundreds digit of i?
1
Suppose 2*h - 5*u = 3239, 0 = -4*h - u + 2221 + 4202. What is the units digit of h?
7
Let g(d) = -46*d**3 + 4*d**2 - 4*d + 6. Let p be g(3). What is the tens digit of 28/(-56)*p/2?
0
Let v = 28167 - 12573. What is the thousands digit of v?
5
Let b(y) = 6*y**2 + y**3 + 2*y**2 - 14*y - 5*y**2 - 7. What is the units digit of b(-3)?
5
Suppose -273*b = -285*b + 70896. What is the hundreds digit of b?
9
Suppose -3*i + 10 = 2*t, -5*i + t - 7 = -2. Let p be (-8)/(-2) - (-2 + i/1). What is the units digit of ((-253)/(-2) - 2) + 3/p?
5
Suppose 4*z = -5*l + 52360, -33638 - 8276 = -4*l + 2*z. Suppose -3248 + l = 4*o. Suppose o = 4*i + 9*i. What is the tens digit of i?
3
What is the hundreds digit of (-6)/10 - (71308692/(-1755) + (-4)/(-30))?
6
Let x be (2 - 3)*(0 + 11). Let v(d) be the second derivative of d**5/20 + d**4 + 3*d**3/2 + d**2/2 - 35*d. What is the units digit of v(x)?
3
Let a = 0 + -2. Let f(i) = -5416*i + i**2 + 20*i**2 + 5420*i + 14*i**2. What is the hundreds digit of f(a)?
1
Suppose 92*s + 20588 = 94*s. What is the hundreds digit of s?
2
Let t = -1785 + 3712. Let c = t + -969. What is the tens digit of c?
5
Let q = 2584 - -2943. What is the thousands digit of q?
5
What is the ten thousands digit of ((-372)/(-20)*-2)/((30/23525)/(-2))?
5
Suppose -79*q - 2230 = -84*q. Suppose -11 = -3*n - q. Let d 